 by n.
13
Suppose -3*u + 10 = -53. Let x be (0/1 - -1) + 125. Let d = -118 + x. What is the remainder when u is divided by d?
5
Let t be -9 - -2*(-20)/(-8). What is the remainder when 60/80 - 261/t is divided by 9?
3
Suppose -1565*r + j + 285 = -1564*r, 5*r - 2*j - 1443 = 0. Calculate the remainder when r is divided by (-69 - 1)*(-2)/2.
11
Let q = 44 - 31. Let r(v) = v**2 + v + 8. Let t be r(-6). Suppose -10*f + t + 572 = 0. Calculate the remainder when f is divided by q.
9
Let y = 32 - 12. Calculate the remainder when y is divided by 3/2*440/60.
9
Let z = 17 - 24. Let i = -1575 + 753. What is the remainder when i/z - (6 - (-92)/(-14)) is divided by 20?
18
Let q = -314 + 167. Calculate the remainder when 65 is divided by 6 - q/(-28) - 65/(-4).
14
Calculate the remainder when (13464/(-27) + 2)*4/((-8)/3) is divided by 22.
19
Let x = 2888 - 936. Calculate the remainder when x is divided by 5.
2
Let s = 252 + -175. Let y = -76 + s. Calculate the remainder when 203 is divided by (-21 - -123)/(1 + y + 0).
50
Suppose -49418 = 14*o - 19*o - 4*j, -5*o + 2*j = -49466. What is the remainder when o is divided by 97?
93
Let a = -6194 - -6282. What is the remainder when 783 is divided by a?
79
What is the remainder when 320 is divided by (48/((-16)/(-4)))/(-15 + 16)?
8
Suppose -q - 63 = -g - 6*q, -g - 2*q = -54. Suppose n + g = -y, -5*n - y = -2*y + 234. Let z = -37 - n. Calculate the remainder when 19 is divided by z.
9
Let y(a) = a - 6. Let f = 165 + -154. What is the remainder when 8 is divided by y(f)?
3
Suppose 40*g - 2927 - 13403 = -6*g. Calculate the remainder when 1422 is divided by g.
2
Let i = 15239 + -11273. What is the remainder when i is divided by 331?
325
Suppose 3*h = -3*h - 18. Let f be ((-5)/h*2)/((-6)/(-45)). Suppose -79 - f = -4*b. What is the remainder when b is divided by 14?
12
Calculate the remainder when (-6)/(-5)*15/6 - 73201/(-71) is divided by 20.
14
Suppose -v - 11*j + 15*j = -512, -4*j = v - 520. Calculate the remainder when v is divided by 217.
82
Suppose -5*i + 8 = 3*n, 0*n = -3*n + 3*i - 24. Let l(m) = -29*m - 70. Calculate the remainder when l(n) is divided by 14.
4
Let i(c) = c**3 + 43*c**2 + 296*c - 30. What is the remainder when i(-22) is divided by 1806?
10
Let w be (22 + 3 + -2)*1. Suppose 0 = 4*t - 33 - w. Calculate the remainder when 34 is divided by t.
6
Let s = 592 + -587. Let c(h) = h**3 + 8*h**2 + h - 3. Calculate the remainder when c(s) is divided by 15.
12
Let j = -4345 + 4358. Calculate the remainder when 349 is divided by j.
11
Suppose 2*s + d = 83, -201 = 49*s - 54*s + 4*d. Suppose 0 = 3*p - c - 155 + 42, -3*c + s = p. Calculate the remainder when 301 is divided by p.
35
Suppose 0 = -2*l - p + 24, 0 = -4*l + 2*p + 20 + 20. Suppose -84 = -l*h - 7. What is the remainder when 34 is divided by h?
6
Suppose 0 = 11*o - 121 - 231. Suppose 599 = 4*c - 5*b, 5*c = -2*b + 741 + 49. What is the remainder when c is divided by o?
28
Let f(j) be the third derivative of 0 + 1/60*j**5 + 0*j - 6*j**2 + 1/4*j**4 - 1/3*j**3. Calculate the remainder when 55 is divided by f(-8).
13
Let g(k) = k**2 - k - 11. Let a be g(8). Let j = -39 + a. Calculate the remainder when 71 is divided by 246/10 - (-7)/((-70)/j).
23
Suppose z - 7*z + 504 = 0. Let n = 213 - z. Calculate the remainder when 94 is divided by n/6 + 3 + 7/14.
19
Let r(l) = -l**3 - 9*l**2 - 8*l + 33. Suppose 54 = -3*s - 3*s. What is the remainder when r(s) is divided by 54?
51
Let v(m) = m**2 - 39*m + 50. Calculate the remainder when 3117 is divided by v(38).
9
Let a be 6/(8/(-2 + 6)). Suppose -a = -0*t + 3*t. What is the remainder when 43 is divided by 22/(-4)*(-3 + t)?
21
Let y(n) = 18*n**2 - 9*n + 174. What is the remainder when y(0) is divided by 27?
12
Let g(f) = f**2 - f**2 - f**2 + 8 - 11*f + 10*f. Calculate the remainder when 21 is divided by g(-3).
1
Suppose 5*m + 437 = 82. Let w = m - -131. Let r(x) = x**3 + 16*x**2 + 15*x + 16. Calculate the remainder when w is divided by r(-15).
12
Let j(r) = r**3 + 11*r**2 + 7*r + 14. Let o = 992 - 982. What is the remainder when j(-10) is divided by o?
4
Suppose 0*h = 2*h - 116. Suppose -31397*a + 1344 = -31389*a. What is the remainder when a is divided by h?
52
Let t(q) = -50*q**2 + q + 1. Suppose p + 5*j = 6*p - 15, -5*p = -2*j - 3. Let o be t(p). Let f = 109 + o. What is the remainder when f is divided by 33?
26
Let i(x) = x**2 + 16*x + 40. Suppose -16*f - 14*f + 20370 = 0. Calculate the remainder when f is divided by i(-16).
39
Suppose -4*u - 2 = -50. Let d be (17 - 8 - 7)/(2/4). What is the remainder when (5 - 28)*(3 - d) is divided by u?
11
Let d(t) = -4*t - 123. Let a be d(-29). Calculate the remainder when 97 is divided by 2/a + 5/(105/783).
23
Suppose 0 = -3*q - 2*q, -4*b - 6*q + 96 = -2*q. What is the remainder when 921 is divided by b?
9
Let t = 93 - -46. Let p = 462 + -434. What is the remainder when t is divided by p?
27
Let n(m) = 2*m**2 - 5*m - 1. Let f be (63/(-7))/((3/25)/(-3)). Let a = f + -222. What is the remainder when n(5) is divided by a?
0
Suppose -1427*h - 1960 = 1400*h - 2867*h. Let d = 16 - 10. Suppose 4*p - 113 = -3*x, 0 = d*p - p + x - 133. Calculate the remainder when h is divided by p.
23
Let d(c) = 10*c + 4*c + c**2 - 19*c - 3. Let l = 142 + -112. Calculate the remainder when l is divided by d(7).
8
Suppose -18124 - 3365 = -87*p. Calculate the remainder when p is divided by 55.
27
Suppose 2*b + 1 = 3*b. Suppose -41*q - 7*q + 1344 = 0. What is the remainder when (6/b)/((-10)/(-180)) is divided by q?
24
Let g be ((-20)/70)/((-1)/14*1). Suppose g*j = 7*j - 66. Calculate the remainder when 100 is divided by j.
12
Let w(g) = -2*g**3 + 53*g**2 - 268*g - 7. Calculate the remainder when w(8) is divided by (8/(-6))/((-10)/150).
17
Let a be (0*(-3)/(-12))/(-3). Suppose -8*u + 3*u + 5 = 0, a = 4*l + 3*u - 251. Let z = 9464 + -9455. Calculate the remainder when l is divided by z.
8
Let w = 9403 - 9340. What is the remainder when 598 is divided by w?
31
Suppose -12031 = -68*s + 4241 + 26772. What is the remainder when s is divided by 541?
92
Suppose 7*w = -w + 7*w + 12. Calculate the remainder when 369 is divided by w.
9
Let l = 293 + -227. Let h = l + 228. Calculate the remainder when h is divided by 74.
72
Suppose 174*t - 47*t = 762. Suppose 4*q - 18 = -2*m, -6*m = -3*m - 5*q - 5. Suppose 0 = -s + m + 22. Calculate the remainder when s is divided by t.
3
Let o(w) = -13*w - 230. Let f be o(-20). What is the remainder when 61 is divided by f + 2*(6 + -5)?
29
Suppose -z + 31 = i - 4*z, -z = 5*i - 75. What is the remainder when ((-80)/120)/((-8)/1884) is divided by i?
13
Suppose 1769 = 16*l - 5*l - 145. What is the remainder when l is divided by 5?
4
Let i be 13/(-4) - -2 - 305/(-20). Calculate the remainder when -412*i/(-56) + -1 + -3 is divided by 34.
31
Let x(k) = k**3 + 11*k**2 - 6*k - 14. Calculate the remainder when x(-10) is divided by (108/3 - -6) + -5.
35
Suppose 2*a + 5*u = -13, -8*u - 4 = -a - 9*u. What is the remainder when 3507 is divided by a?
9
Let z(r) = -142*r - 28. Let a = 78 + -81. Let h be z(a). Suppose 6*l - h = 382. Calculate the remainder when l is divided by 12.
10
Let s = 183 + -255. What is the remainder when 6/4*408/9 is divided by -4 + 3/(-1)*s/8?
22
Let d(u) = 6*u**2 - 109*u + 653. What is the remainder when 884 is divided by d(6)?
24
Let q be (4 + 15/(-5))*-2. Let v be q*(-1)/(-2)*(0 - 3). Suppose -v*o + 339 = -327. What is the remainder when o is divided by 28?
26
Let t = 4245 - 4153. What is the remainder when 1654 is divided by t?
90
Suppose -3*x - r + 27 = 0, 19*x - 20*x - 13 = 4*r. Let s be 1/3 - (-742)/6. Suppose 6*m - 2*m = s. Calculate the remainder when m is divided by x.
9
Let m = 32 - -25. Calculate the remainder when m is divided by 8 + -6 + 5 - (-6 - 0).
5
Calculate the remainder when 14539 is divided by 451/44 - (3/(-4) - 0).
8
Let a(i) = -i + 31. Let g(r) = 2*r**3 - 52*r**2 + 26*r - 123. What is the remainder when g(26) is divided by a(-6)?
35
Let s = 4 + 5. Let o = 1351 - 1323. What is the remainder when o is divided by s?
1
Let t(g) = 101*g**2 + 101*g + 101. What is the remainder when 193 is divided by t(-1)?
92
Let z(t) = -t**3 - 13*t**2 - 11*t + 179. Calculate the remainder when z(-13) is divided by 166.
156
Let m(o) = -2*o**2 - 16*o - 8. Calculate the rema